9 is divided by 897.
40
Calculate the remainder when 73431 is divided by 24472.
15
Calculate the remainder when 60201 is divided by 57.
9
Calculate the remainder when 506449 is divided by 232.
225
What is the remainder when 14683 is divided by 175?
158
What is the remainder when 76210 is divided by 2381?
18
Calculate the remainder when 10627 is divided by 55.
12
Calculate the remainder when 7035 is divided by 260.
15
Calculate the remainder when 12853 is divided by 48.
37
What is the remainder when 119883 is divided by 69?
30
Calculate the remainder when 46831 is divided by 95.
91
What is the remainder when 4399 is divided by 1451?
46
Calculate the remainder when 3133 is divided by 254.
85
Calculate the remainder when 67266 is divided by 17.
14
What is the remainder when 9143 is divided by 755?
83
Calculate the remainder when 21226 is divided by 2559.
754
Calculate the remainder when 1574 is divided by 506.
56
Calculate the remainder when 2033 is divided by 1014.
5
Calculate the remainder when 110531 is divided by 1256.
3
What is the remainder when 1216 is divided by 583?
50
Calculate the remainder when 20916 is divided by 57.
54
Calculate the remainder when 452801 is divided by 14.
13
Calculate the remainder when 133584 is divided by 9.
6
What is the remainder when 14420 is divided by 33?
32
What is the remainder when 120904 is divided by 362?
358
Calculate the remainder when 381 is divided by 369.
12
Calculate the remainder when 409888 is divided by 14.
10
What is the remainder when 12422 is divided by 728?
46
What is the remainder when 57954 is divided by 77?
50
What is the remainder when 24126 is divided by 38?
34
What is the remainder when 116587 is divided by 11?
9
Calculate the remainder when 8673 is divided by 583.
511
What is the remainder when 9124 is divided by 9103?
21
Calculate the remainder when 253221 is divided by 12.
9
Calculate the remainder when 56365 is divided by 93.
7
What is the remainder when 2383995 is divided by 640?
635
Calculate the remainder when 14545 is divided by 1574.
379
What is the remainder when 8448 is divided by 21?
6
What is the remainder when 5235 is divided by 523?
5
Calculate the remainder when 21732 is divided by 87.
69
Calculate the remainder when 106326 is divided by 69.
66
Calculate the remainder when 3949 is divided by 3846.
103
Calculate the remainder when 1133 is divided by 149.
90
Calculate the remainder when 434758 is divided by 120.
118
Calculate the remainder when 17134 is divided by 536.
518
What is the remainder when 27418 is divided by 669?
658
What is the remainder when 9375 is divided by 1862?
65
What is the remainder when 555510 is divided by 49?
46
Calculate the remainder when 667 is divided by 400.
267
What is the remainder when 24499 is divided by 100?
99
What is the remainder when 11060 is divided by 59?
27
What is the remainder when 94726 is divided by 104?
86
What is the remainder when 32064 is divided by 10669?
57
What is the remainder when 17251 is divided by 3?
1
What is the remainder when 12678 is divided by 527?
30
What is the remainder when 193300 is divided by 64428?
16
What is the remainder when 904 is divided by 260?
124
What is the remainder when 1371 is divided by 59?
14
What is the remainder when 19132 is divided by 43?
40
Calculate the remainder when 6621 is divided by 57.
9
Calculate the remainder when 62805 is divided by 7849.
13
Calculate the remainder when 13229 is divided by 12658.
571
What is the remainder when 29523 is divided by 74?
71
What is the remainder when 153431 is divided by 12?
11
Calculate the remainder when 28687 is divided by 47.
17
What is the remainder when 1434 is divided by 905?
529
What is the remainder when 3554 is divided by 1035?
449
What is the remainder when 11635 is divided by 840?
715
Calculate the remainder when 3452 is divided by 1118.
98
Calculate the remainder when 42450 is divided by 8368.
610
What is the remainder when 543124 is divided by 2089?
2073
Calculate the remainder when 39573 is divided by 90.
63
What is the remainder when 141924 is divided by 1365?
1329
What is the remainder when 6187 is divided by 5?
2
Calculate the remainder when 41845 is divided by 30.
25
Calculate the remainder when 8250 is divided by 583.
88
Calculate the remainder when 248019 is divided by 326.
259
What is the remainder when 23910 is divided by 21?
12
What is the remainder when 135408 is divided by 55?
53
Calculate the remainder when 95671 is divided by 45.
1
Calculate the remainder when 72788 is divided by 145.
143
Calculate the remainder when 53311 is divided by 808.
791
What is the remainder when 2429 is divided by 548?
237
Calculate the remainder when 66443 is divided by 13284.
23
What is the remainder when 6644 is divided by 937?
85
What is the remainder when 1447 is divided by 575?
297
What is the remainder when 840 is divided by 480?
360
Calculate the remainder when 11908 is divided by 3820.
448
What is the remainder when 50311 is divided by 653?
30
What is the remainder when 754843 is divided by 151?
145
Calculate the remainder when 2791 is divided by 245.
96
What is the remainder when 3991 is divided by 67?
38
Calculate the remainder when 1120 is divided by 34.
32
Calculate the remainder when 59725 is divided by 230.
155
What is the remainder when 1588 is divided by 4?
0
Calculate the remainder when 4444 is divided by 274.
60
Calculate the remainder when 722 is divided by 630.
92
What is the remainder when 35221 is divided by 11?
10
Calculate the remainder when 62118 is divided by 851.
846
What is the remainder when 908 is divided by 7?
5
What is the remainder when 8448 is divided by 320?
128
Calculate the remainder when 483485 is divided by 60435.
5
Calculate the remainder when 231388 is divided by 101.
98
What is the remainder when 7335 is divided by 2437?
24
What is the remainder when 2964 is divided by 2252?
712
What is the remainder when 2558 is divided by 2288?
270
What is the remainder when 11533 is divided by 144?
13
What is the remainder when 3032 is divided by 969?
125
Calculate the remainder when 2439 is divided by 54.
9
What is the remainder when 22744 is divided by 22712?
32
What is the remainder when 20578 is divided by 5139?
22
What is the remainder when 11432 is divided by 358?
334
Calculate the remainder when 4869637 is divided by 9.
7
Calculate the remainder when 709008 is divided by 236328.
24
Calculate the remainder when 87599 is divided by 312.
239
Calculate the remainder when 14481 is divided by 26.
25
What is the remainder when 2919 is divided by 1458?
3
What is the remainder when 10635 is divided by 99?
42
Calculate the remainder when 1865473 is divided by 4858.
1
Calculate the remainder when 65491 is divided by 16317.
223
What is the remainder when 158627 is divided by 158587?
40
Calculate the remainder when 357244 is divided by 92.
8
Calculate the remainder when 16199 is divided by 1338.
143
Calculate the remainder when 282813 is divided by 267.
60
What is the remainder when 43663 is divided by 172?
147
Calculate the remainder when 20758 is divided by 44.
34
Calculate the remainder when 6737 is divided by 105.
17
Calculate the remainder when 1689558 is divided by 7822.
6
What is the remainder when 120132 is divided by 191?
184
What is the remainder when 25900 is divided by 14?
0
Calculate the remainder when 119049 is divided by 18.
15
What is the remainder when 3362 is divided by 3044?
318
What is the remainder when 4686 is divided by 313?
304
What is the remainder when 56 is divided by 47?
9
Calculate the remainder when 35596 is divided by 2370.
46
Calculate the remainder when 35648 is divided by 285.
23
Calculate the remainder when 102 is divided by 101.
1
Calculate the remainder when 16639 is divided by 473.
84
Calculate the remainder when 41769 is divided by 2088.
9
What is the remainder when 10646 is divided by 85?
21
Calculate the remainder when 389 is divided by 275.
114
Calculate the remainder when 11156 is divided by 224.
180
Calculate the remainder when 3333 is divided by 151.
11
Calculate the remainder when 107155 is divided by 409.
406
Calculate the remainder when 2945 is divided by 2673.
272
Calculate the remainder when 17207 is divided by 1433.
11
Calculate the remainder when 2567 is divided by